 -2*r + 4*r - 4*p - 16. Suppose -5*f = -2*f - 9, d - 244 = r*f. What is the hundreds digit of d?
2
Suppose -239*h - 15421 = -23913 - 922174. What is the tens digit of h?
9
Let v(u) = 3777*u - 95. What is the units digit of v(3)?
6
Let j = -196 - -380. Let h = j - 0. What is the hundreds digit of h?
1
Let q be (-2)/(-8) - ((-4438)/8 - 5). Let f = q + -160. What is the units digit of f?
0
Suppose 40*q - 9 = 31. Let z(u) = 57*u**3 - 3*u**2 + 3*u - 1. What is the tens digit of z(q)?
5
What is the hundreds digit of (114631/(-374))/(1/(-2))?
6
Suppose -3*w - 3*k + 11 = -7, -w + 8 = 3*k. Suppose w*i + 7*a - 2*a + 60 = 0, 0 = 5*a + 20. Let v = i - -25. What is the tens digit of v?
1
Let h be (-600)/(-5) + 1*-3. Suppose v - f + h = 0, -5*f = v - f + 117. What is the units digit of (v - 2)*-1 - (-4 - -3)?
0
Suppose -b = 3*n + 801, n + 256 = -0*n - 4*b. Let h = -104 - n. Let c = -67 + h. What is the tens digit of c?
9
Suppose -19*q = 47*q + 28*q - 1298046. What is the thousands digit of q?
3
Suppose 125823*p + 309645 = 125832*p. What is the ten thousands digit of p?
3
Let n = 38073 + -27116. What is the tens digit of n?
5
Suppose -3*x = 4*k - 253749, 598*x + 3*k = 595*x + 253752. What is the thousands digit of x?
4
Let g(f) = 138*f - 147. Let b be g(6). Suppose -4*p - b + 3565 = 0. What is the hundreds digit of p?
7
Let m(i) = 13*i**3 - 3*i**2 + 4*i + 2. Let f be m(2). Suppose -5*s - s + f = 0. Let c = s - -52. What is the tens digit of c?
6
What is the tens digit of (-16 - -26) + 8 + 18096?
1
Let k = -21 + 21. Suppose -2*q - 30 = 4*d, d + 4*q - 3*q + 10 = k. Let j = d - -125. What is the tens digit of j?
2
Suppose 2*w = -10, 7 - 33 = g + 5*w. Let b(n) = -895*n - 34. What is the units digit of b(g)?
1
Suppose 23*h - 33*h = 160. Let o(r) = -r**3 - 17*r**2 - 17*r - 6. What is the tens digit of o(h)?
1
Let i = -15548 - -20736. What is the hundreds digit of i?
1
Let p = -2884 - -9047. What is the tens digit of p?
6
Let q(d) = 4*d - 5. Let n be q(2). Suppose 4*w + w - n*f = -575, 3*w + 316 = -4*f. What is the hundreds digit of ((-2)/3)/((w/2709)/8)?
1
Suppose -6449 = 5*g + 4991. Let s = g - -3359. What is the hundreds digit of s?
0
Let l be 14 - 24/(-32)*-8. What is the units digit of (l + 2)*((-2283)/(-15) + 1)?
2
Let i = 17597 - 11044. What is the hundreds digit of i?
5
What is the tens digit of ((-100168)/(-114))/(7/147)?
5
Suppose 2*s + 8*i = 9*i + 2390, s - 1202 = -3*i. What is the units digit of s?
6
Suppose 30233 = 4*r + k, k - 24466 - 28444 = -7*r. What is the thousands digit of r?
7
Suppose 0 = -2*r + 49*a - 45*a + 7628, 0 = r + 5*a - 3779. What is the hundreds digit of r?
8
Suppose 6*l - 2*l = a + 40361, 2*l - 5*a = 20167. What is the hundreds digit of l?
0
Let d(z) be the second derivative of z**5/20 - 3*z**4/4 + 7*z**3/3 - z**2/2 - 166*z. What is the hundreds digit of d(13)?
8
Let g(h) be the first derivative of h**3/3 - 7*h**2/2 + 14*h + 43. What is the hundreds digit of g(-18)?
4
Let g = -35794 + 71992. What is the hundreds digit of g?
1
Suppose -2*r = -2*v - 84932, 5*r + 42474 = 6*r - 2*v. What is the units digit of r?
8
Let q(k) = 192*k**2 - 21*k - 159. What is the tens digit of q(-7)?
9
Let j(y) = 19*y + 10. Let m be j(20). Suppose -m = 2*s - 5*z + 182, 0 = 5*s - 2*z + 1472. Let u = 495 + s. What is the units digit of u?
9
Let j = -586 - -907. Let g be j + (2 - 3/1)*1. Let z = g + -175. What is the tens digit of z?
4
Let c(y) = -y**3 + 4*y**2 - 5*y - 4. Let q be c(3). What is the tens digit of q/65 + (-23356)/(-52)?
4
Suppose 3*t - 26215 = 3161. What is the hundreds digit of t?
7
Let a(m) = -195*m - 12. Let w(l) = l**3 + 2*l**2 - 23*l + 5. Let f be w(-6). What is the units digit of a(f)?
3
Suppose -3*a - 298 = -2*r - 0*a, 4*r = -2*a + 564. Suppose -7*h = r + 39. Let y = h - -95. What is the tens digit of y?
6
Let t(a) = -3*a + 35. Suppose 7*j + 54 = j. Let s be t(j). Suppose 5*k + 3*m - 269 = -s, -5*k = -m - 191. What is the tens digit of k?
3
Suppose -42*w + 42*w = -26*w + 569738. What is the hundreds digit of w?
9
Let t = 185846 + -128464. What is the thousands digit of t?
7
Suppose -26*a + 247720 = -464853 - 59757. What is the ten thousands digit of a?
2
Suppose 5*v - 4*j - 1690 = 0, 0*v - 2*j + 1036 = 3*v. What is the tens digit of (-3 - 4) + v + -1?
3
Let r(b) = 6*b**2 - 53*b + 8. Suppose 0 = -23*k - 7*k + 390. What is the units digit of r(k)?
3
Suppose 0*l = 2*l - 10. Suppose -5*c = -5*y, 5*y - 3*c + 1 = l. Suppose -4*z + y*b + 87 = 21, b - 39 = -2*z. What is the units digit of z?
8
Let m be -8 - (0 - (1 + 14542)). Suppose -2*i = 15*i - m. What is the tens digit of i?
5
What is the thousands digit of (-46356)/(-16) - (-10)/(-8)?
2
Let h = 78 - 86. Let j(b) = -25*b - 9. What is the hundreds digit of j(h)?
1
Suppose 4*y - 21 = c, 3*c = -4*y - 0*y + 1. Suppose 2*w - 1 = 3*w, 4*w - 1840 = -y*s. What is the tens digit of s?
6
Let n = 34 + -27. Suppose -9*r + 12 = -n*r. Suppose 3*q + 5*l = 186, -2*l = -0*l - r. What is the units digit of q?
7
Let g = 6157 + -1130. What is the thousands digit of g?
5
Let x(u) = -99*u**2 + 256*u**2 + u + 5 - 86*u**2. Let h be x(3). Suppose -4*j = -20, -9*g + 5*g - 3*j + h = 0. What is the hundreds digit of g?
1
Let l(v) = -2*v**2 + 9*v. Let n be l(7). Let h = n - -38. Suppose -h*a + 3*p = -0*p - 339, -2*a - 4*p + 244 = 0. What is the tens digit of a?
1
Suppose a + 5*k + 11 = 0, -3*k - 13 = -4. Suppose y + 2 = -2*s - 6, a = -5*y - s. Suppose -2*t + f + 156 = y, -f - f = -5*t + 388. What is the tens digit of t?
7
Let b(v) = -2*v**2 - 32*v + 25. Let m be b(-18). Let k = 39 + m. What is the units digit of (-200)/(-11) + k/44?
8
Let n = 71081 - 49214. What is the units digit of n?
7
Suppose -i - 7 = -9. Suppose -8 = o + o, 4*j = i*o - 184. Let q = j + 110. What is the units digit of q?
2
Let l(x) = -12*x - 70. Let k be l(-6). Suppose 0 = -5*f + k*v + 2776, -6*v + v = -f + 569. What is the units digit of f?
4
Let b(j) be the first derivative of -j**3/3 + 11*j**2 - 20*j + 84. Let m(w) = 4*w - 2. Let c be m(4). What is the tens digit of b(c)?
9
Suppose 0 = 3*s - q + 6, 0 = 146*s - 151*s + q - 12. Let k = -5 + -3. What is the units digit of -3 + (2 + s - k) - -76?
0
Let k = 1530 - 1523. Let z = -9 - -21. What is the tens digit of z/(-42) - (-737)/k?
0
Suppose 348*w + 353*w - 710*w + 98460 = 0. What is the ten thousands digit of w?
1
Let l(z) = -3*z - 52. Let n be l(-19). Suppose -3*p = -n*t - 697, 2*p + t - 227 = p. What is the units digit of p?
9
What is the thousands digit of (-8135)/(-3) + (-4)/(-18)*(-96)/(-64)?
2
Let l be ((-2)/(20/85))/(2/(-16)). Suppose 23*d + l - 4300 = 0. What is the tens digit of d?
8
Suppose -3*s + r + 13697 + 1985 = 0, 5*r - 10449 = -2*s. What is the thousands digit of s?
5
Let c = 180 + -104. Let m be 4/14 + (c/14)/2. Suppose 4*f + 3*l - 279 = 0, 4*f - m*l + 4*l = 277. What is the units digit of f?
9
Let p(o) = 4*o**2 + 17*o - 233. What is the hundreds digit of p(33)?
6
Suppose -9 = 3*r, -5*a - 5*r + 26 = -39. Suppose 17*b = a*b + 324. What is the hundreds digit of b?
3
Let f = 65 - 60. Suppose 0*i = -4*d + i + 59, 5*i = f. What is the units digit of 18/(-10)*((-400)/d)/8?
6
Let f = -183 + 181. What is the units digit of f - 18/6 - -21*18?
3
Let s(t) = 9*t**2 - 8*t + 2*t**2 - t**2 - t**3 - 7. Let h be s(9). What is the tens digit of 56/2*(2 - h/(-1))?
1
What is the hundreds digit of ((-2)/6)/(69/(-1269117))?
1
Let x be (10 + 4)/(-42)*(-1948 + 1). Suppose 12*w - 9*w + 6 = 0, p = 3*w + x. What is the tens digit of p?
4
Suppose 20*n - 16*n + 3*f = 8483, -5*n + 7*f + 10593 = 0. What is the hundreds digit of n?
1
Let p(s) = 18*s - 39. Let r be p(12). Suppose -181*z = -r*z - 1916. What is the units digit of z?
9
Let j(g) = 29 - 5*g**3 - 31 + 2*g - 2*g**2 - 4*g. Let w be j(-1). Suppose d - 4*f - 52 = 0, -2*d + w*f + 82 + 27 = 0. What is the tens digit of d?
5
Let j be (-2)/(-5) - 104/(-65) - -1312. Suppose 52*k = 49*k + j. What is the hundreds digit of k?
4
Let j(r) = 11*r + 233. Let b be j(-21). Suppose 4*k = -4*u + 1772, 0 = -b*u + 5*k + 1005 - 84. What is the tens digit of u?
4
Suppose 0 = 133*m - 195455 - 81983. What is the units digit of m?
6
Let y = 133 - 128. Suppose 640 = 5*b + u - 330, -u = -y. What is the units digit of b?
3
Suppose -18*r - 8*r = 1222. Let x = 271 - r. What is the t